2 - c - 6. Let q be v(y). Suppose -190 = -4*p - 3*f, 2*f + q = 5. Calculate the remainder when p is divided by 16.
14
Let y(a) = 5*a + 1. Let n(m) = -9*m - 11. Let j(r) = n(r) + 3*y(r). Let z be ((-6)/9)/(1/(-9)). Calculate the remainder when 109 is divided by j(z).
25
Let u be 1/((-10)/8*(-26)/(-455)). Calculate the remainder when 118 is divided by 14*(91/u - -7).
6
Suppose -4*h = -5*x - 1005, x - 3*h = 5*x + 773. Let z = x - -211. Calculate the remainder when 236 is divided by z.
12
Let q(l) = -2*l**2 + 3*l + 8346. Calculate the remainder when q(0) is divided by 17.
16
Suppose -5 = -i + 1. Let r = 122 - 119. Calculate the remainder when (253/33)/(1/r) is divided by i.
5
Suppose 945 + 455 = 25*x - 300. What is the remainder when 403 is divided by x?
63
Suppose 5*o = -2*o + 329. Suppose -26*q + o = -25*q. What is the remainder when 185 is divided by q?
44
Calculate the remainder when ((-35)/(-14))/((-38)/(-3572)) is divided by 78.
1
Let t = 175 + -162. Suppose t*o + 15 = 14*o. What is the remainder when 35 is divided by o?
5
Let z be (3/2)/((-5)/((-400)/12)). Suppose 0 = 5*q - q + 5*b - 95, 2*q - 46 = -2*b. Calculate the remainder when (-1113)/(-15) - 2/z is divided by q.
14
Suppose -47 = -5*y + 158. Calculate the remainder when 90 is divided by 6/(-24) - y/(-4).
0
Let d = 60 + -45. Suppose -2*k - d = -287. Let v = k + -109. Calculate the remainder when v is divided by 14.
13
Let h(t) be the first derivative of 9*t**2 - 69*t - 164. Calculate the remainder when 13 is divided by h(4).
1
Suppose -480*d + 561*d - 3726 = 0. Calculate the remainder when 174 is divided by d.
36
Let h(x) = -5*x + 9. Let v be h(1). Calculate the remainder when 359 is divided by (4*72/(-16))/(v/(-10)).
44
Suppose 3*n + 418 = 10*n + 89. What is the remainder when 231 is divided by n?
43
Let r(w) = 5*w**2 + 3*w + 3. Let j be r(-2). Let s = 83 - j. Suppose -1355*y = -1192*y - 2282. Calculate the remainder when s is divided by y.
10
Suppose 2*v = 5*i - 18, 2*i = -5*v - 3*i - 115. Let p = v - -40. Calculate the remainder when 44 is divided by p.
2
Suppose 10557 = -514*d + 541*d. Calculate the remainder when 1205 is divided by d.
32
What is the remainder when 1534 is divided by 45/(-25 + 10) - (0 + 3 + -159)?
4
Let y be (-6)/(-8) + (-26943)/84. Calculate the remainder when 347 is divided by (y/16)/(2/(-5)).
47
Let u(i) = 8*i**2 - 78*i - 234. What is the remainder when 256 is divided by u(-3)?
40
Let o(v) = v - 2. Let u(p) = -3*p - 43. Let s(g) = -2*o(g) - u(g). Let h(r) = 8*r + 6. What is the remainder when h(7) is divided by s(-14)?
29
Let x(p) = 21*p + 567. What is the remainder when 4 - (-50 - (0 - -2)) is divided by x(-25)?
14
Suppose 0 = 2*u + 4*o - 10 - 0, 2*o - 26 = -4*u. Calculate the remainder when (-2)/(-6) - (-1)/((-9)/(-1932)) is divided by u.
5
Suppose 2*n - 3 = 19. Calculate the remainder when (-288)/108 - (-431)/3 is divided by n.
9
Let b = 283 - 279. Suppose -3*j = a - 13, a = -2*a - b*j + 34. What is the remainder when 258 is divided by a?
8
Let h = 102 + -109. What is the remainder when 24 is divided by (-10*7)/h + -1?
6
Let r(t) = 7*t + 49. Let o be r(8). Suppose 33*h + o = 2118. Calculate the remainder when h is divided by (-18)/(-3)*22/6.
17
Let s = -3 + 9. Let m(z) = 15*z - 295. What is the remainder when 232/s + 4/12 is divided by m(21)?
19
Suppose -5*k + 900 = -3*m - 1964, 0 = -2*k - 2*m + 1152. What is the remainder when k is divided by 274?
26
Suppose 13*p - 56 = 22. Suppose p*t - 39 = 81. Suppose 4*d - t = -3*y, 0 = -2*d + y + 4*y + 36. Calculate the remainder when 39 is divided by d.
7
Let a = -765 - -532. Let m = -31 - a. Calculate the remainder when m is divided by 53.
43
Suppose -13*n - 4860 = -3*n. Let u = -472 - n. What is the remainder when 250 is divided by u?
12
Suppose 4*b = 5*l - 1763, 0 = -149*l + 148*l + 2*b + 355. Suppose -450 = -3*f - 2*f. What is the remainder when l is divided by f?
81
Let a(o) = o**3 + 6*o**2 + 71*o + 193. What is the remainder when 740 is divided by a(-3)?
5
Let y = -192 - -187. Let s = 172 + -64. Calculate the remainder when s is divided by (y/(-3))/(155/2046).
20
Suppose -3*y + 304 = -2*b, -511 = -5*y - 4*b + 3*b. Suppose 4*m - y = -18. Calculate the remainder when 250/4 + (-6)/12 is divided by m.
20
Suppose -354*y + 345*y + 3636 = 0. Calculate the remainder when y is divided by 41.
35
Let o = 1816 + -1336. What is the remainder when o is divided by 54?
48
Suppose 17 = 2*y - w, -27 = -y - 2*y + 2*w. Suppose -n + y*n = 24. Suppose -30 = -5*b + 3*f, b - n*f = -b - 2. What is the remainder when b is divided by 3?
0
Let x = 397 + -86. Suppose x + 107 = 22*k. Calculate the remainder when (-4)/(-6) + (-332)/(-6) is divided by k.
18
Let c(m) = -2*m**3 - 5*m**2 - 2*m - 37. Calculate the remainder when 209 is divided by c(-5).
13
Suppose 8*o + 2836 = 15*o - 6047. What is the remainder when o is divided by 633?
3
Let h(z) = 277*z + 1716. Suppose 0 = -b - 102 + 260. Calculate the remainder when b is divided by h(-6).
50
Suppose 0 = -44*o + 6029 - 2245. Calculate the remainder when 683 is divided by o.
81
Let n = -530 - -301. Let x = n + 258. Let z(y) = -36*y - 2. Calculate the remainder when z(-4) is divided by x.
26
Let c = -7078 + 22139. What is the remainder when c is divided by 14?
11
Let w be (13 - 6) + (840 - -3). Calculate the remainder when 81 is divided by ((-96)/(-40))/(30/w).
13
Let p = -1254 - -1558. Suppose 0*h + h + 5*t = -3, 0 = 5*h - t - 89. What is the remainder when p is divided by h?
15
Let m(n) = -294*n + 889. Calculate the remainder when 270 is divided by m(3).
4
Let k(x) = -83*x + 870. Let i(z) = 9*z - 3. Suppose 0 = -0*m - m + 5. Calculate the remainder when k(9) is divided by i(m).
39
Let s(q) = q**3 + 9*q**2 - 50*q - 462. Calculate the remainder when 367 is divided by s(-8).
1
Calculate the remainder when 8325 is divided by (6058/(-104) - -32)/((-6)/16).
65
Let d(h) = 5*h**2 - 4 + 3*h - 6 + 3. What is the remainder when d(-6) is divided by 2123/55 + 2/5?
38
Let o(q) = 20*q**2 + 2*q - 2. Let u = 99 + -135. Let c = -15 - u. What is the remainder when o(2) is divided by c?
19
Suppose -512 = 54*h - 11852. What is the remainder when 289 is divided by h?
79
Let g(s) = -53*s - 18. Suppose 23 - 27 = 2*b. What is the remainder when 526 is divided by g(b)?
86
Suppose 2*d = g - 3, g = d - 5*d + 9. Let t(c) = 133*c**2 + 4*c - 4. Calculate the remainder when t(d) is divided by (-4)/(-8) - 134/(-4).
31
Let r(u) = -15*u - 67. Let p be r(0). Let x = p + 96. Suppose -3*d + 3*s - 2*s = -x, -s = 3*d - 31. Calculate the remainder when 69 is divided by d.
9
Let o = 471 - 453. Suppose 15*n - o*n = r - 146, n - 3*r = 52. What is the remainder when 85 is divided by n?
36
Let u(a) = 6*a - 62. Let d be u(11). Calculate the remainder when 2*(d + 0)/8*1 is divided by 1.
0
Let g = 1265 - 555. Let t = -486 + g. What is the remainder when t is divided by 76?
72
Suppose 0 = 7*j + 142 + 33. Let m = j + 24. Let w(p) = -57*p - 3. What is the remainder when w(m) is divided by 28?
26
Let q(m) = -m**2 + 4*m + 3. Let v be q(4). Suppose -4*r = 217*w - 221*w + 88, -4*w - 8*r = 44. What is the remainder when 18 - ((-3)/v - 0) is divided by w?
8
Suppose 0 = 3*u - 5*o - 98, 3*o = 6*u - 9*u + 66. What is the remainder when 7927 is divided by u?
23
Suppose -47*u + 347 = -170. What is the remainder when (2/4)/(2458/1228 - 2) is divided by u?
10
Suppose 544*d - 22432 = 512*d. Calculate the remainder when d is divided by 200.
101
What is the remainder when ((-14)/245 - 740/(-700))*27 is divided by (-4 + 1)*16/(-6)?
3
Let q(b) be the first derivative of b**3 + b**2/2 + b + 1. Let g = -1501721 + 1501747. What is the remainder when g is divided by q(2)?
11
Let p(o) = 110*o + 254. Let s be p(-6). Let x = s + 514. What is the remainder when x is divided by 60?
48
Let q(g) = 4*g**2 - g. Suppose 11*i - 7 = 4*i. Let a be q(i). Suppose -a*y + 39 = 3. Calculate the remainder when 20 is divided by y.
8
Suppose -31*x + 179444 = 30*x - 158740. What is the remainder when x is divided by 74?
68
Calculate the remainder when (-1 + 627 + -22)*(3/6 - -1) is divided by 230.
216
Let f = -938 - -968. What is the remainder when ((-59)/(-1))/(4 - 3) is divided by f?
29
Let r be (-44)/88*(0 - 8). What is the remainder when (-1281)/(-6) - 6/r is divided by 38?
22
Sup